d by 198?
195
Calculate the remainder when 505 is divided by 59.
33
Calculate the remainder when 23048 is divided by 119.
81
Calculate the remainder when 10374 is divided by 1037.
4
What is the remainder when 871 is divided by 509?
362
Calculate the remainder when 86711 is divided by 295.
276
What is the remainder when 182872 is divided by 2230?
12
Calculate the remainder when 16428 is divided by 42.
6
Calculate the remainder when 64 is divided by 50.
14
What is the remainder when 362909 is divided by 16?
13
What is the remainder when 2397 is divided by 70?
17
Calculate the remainder when 65816 is divided by 65631.
185
What is the remainder when 9307 is divided by 186?
7
Calculate the remainder when 13940 is divided by 6839.
262
What is the remainder when 1888747 is divided by 169?
3
Calculate the remainder when 13072 is divided by 216.
112
What is the remainder when 2291399 is divided by 1148?
1139
Calculate the remainder when 10408 is divided by 27.
13
What is the remainder when 35026 is divided by 7000?
26
What is the remainder when 1038851 is divided by 364?
359
What is the remainder when 8804 is divided by 287?
194
Calculate the remainder when 2419328 is divided by 15.
8
What is the remainder when 4093 is divided by 569?
110
Calculate the remainder when 60108 is divided by 201.
9
Calculate the remainder when 32535 is divided by 102.
99
What is the remainder when 28308 is divided by 8595?
2523
Calculate the remainder when 829463 is divided by 276482.
17
What is the remainder when 159090 is divided by 6916?
22
What is the remainder when 3664 is divided by 13?
11
Calculate the remainder when 13613 is divided by 26.
15
What is the remainder when 5433 is divided by 1309?
197
What is the remainder when 861 is divided by 161?
56
Calculate the remainder when 563222 is divided by 556.
550
What is the remainder when 4082 is divided by 4012?
70
Calculate the remainder when 40353 is divided by 226.
125
What is the remainder when 4966 is divided by 125?
91
Calculate the remainder when 889268 is divided by 54.
50
What is the remainder when 25324 is divided by 1407?
1405
What is the remainder when 8704 is divided by 486?
442
What is the remainder when 6212 is divided by 50?
12
Calculate the remainder when 17517 is divided by 170.
7
Calculate the remainder when 35614 is divided by 111.
94
Calculate the remainder when 2041 is divided by 171.
160
Calculate the remainder when 21103 is divided by 21078.
25
Calculate the remainder when 279288 is divided by 533.
529
What is the remainder when 11559 is divided by 218?
5
Calculate the remainder when 6867 is divided by 575.
542
What is the remainder when 15332 is divided by 901?
15
What is the remainder when 509647 is divided by 106?
105
Calculate the remainder when 5887 is divided by 107.
2
What is the remainder when 33635 is divided by 6723?
20
Calculate the remainder when 196206 is divided by 1943.
1906
What is the remainder when 4663 is divided by 65?
48
Calculate the remainder when 1222 is divided by 115.
72
Calculate the remainder when 1706730 is divided by 21.
18
Calculate the remainder when 1974049 is divided by 27.
25
What is the remainder when 11253 is divided by 115?
98
Calculate the remainder when 53738 is divided by 189.
62
Calculate the remainder when 21452 is divided by 11.
2
What is the remainder when 3338 is divided by 795?
158
Calculate the remainder when 1046429 is divided by 523207.
15
Calculate the remainder when 457198 is divided by 6.
4
What is the remainder when 696 is divided by 35?
31
What is the remainder when 3037 is divided by 351?
229
Calculate the remainder when 45545 is divided by 45532.
13
What is the remainder when 12393 is divided by 4111?
60
What is the remainder when 810759 is divided by 101344?
7
What is the remainder when 249616 is divided by 328?
8
What is the remainder when 4915 is divided by 1204?
99
What is the remainder when 2086 is divided by 1854?
232
What is the remainder when 3310 is divided by 558?
520
What is the remainder when 10618 is divided by 2501?
614
What is the remainder when 16877 is divided by 8400?
77
What is the remainder when 63875 is divided by 107?
103
What is the remainder when 10489 is divided by 2607?
61
Calculate the remainder when 1353 is divided by 90.
3
What is the remainder when 151201 is divided by 437?
436
Calculate the remainder when 511191 is divided by 120.
111
What is the remainder when 24461 is divided by 8149?
14
Calculate the remainder when 951689 is divided by 30.
29
What is the remainder when 19902 is divided by 15?
12
What is the remainder when 1933 is divided by 1817?
116
What is the remainder when 10667 is divided by 3545?
32
Calculate the remainder when 297932 is divided by 72.
68
What is the remainder when 12878 is divided by 2211?
1823
Calculate the remainder when 332903 is divided by 29.
12
What is the remainder when 3512 is divided by 319?
3
What is the remainder when 90708 is divided by 17?
13
Calculate the remainder when 13645 is divided by 30.
25
Calculate the remainder when 21977 is divided by 10984.
9
Calculate the remainder when 22991 is divided by 11485.
21
What is the remainder when 17900 is divided by 53?
39
What is the remainder when 1841 is divided by 194?
95
What is the remainder when 1466678 is divided by 37?
35
Calculate the remainder when 169996 is divided by 42490.
36
What is the remainder when 108896 is divided by 99?
95
Calculate the remainder when 25509 is divided by 35.
29
What is the remainder when 16218 is divided by 47?
3
What is the remainder when 1202317 is divided by 400770?
7
Calculate the remainder when 14896 is divided by 622.
590
What is the remainder when 831774 is divided by 7?
6
What is the remainder when 4281 is divided by 723?
666
Calculate the remainder when 22722 is divided by 31.
30
What is the remainder when 20745 is divided by 741?
738
Calculate the remainder when 24677 is divided by 20.
17
What is the remainder when 115254 is divided by 400?
54
What is the remainder when 6098 is divided by 3037?
24
What is the remainder when 604456 is divided by 241?
28
Calculate the remainder when 644575 is divided by 706.
703
What is the remainder when 73259 is divided by 38?
33
What is the remainder when 4255 is divided by 112?
111
Calculate the remainder when 9129 is divided by 1791.
174
What is the remainder when 39412 is divided by 321?
250
Calculate the remainder when 78375 is divided by 6.
3
Calculate the remainder when 5247 is divided by 5239.
8
What is the remainder when 365255 is divided by 54?
53
What is the remainder when 14856 is divided by 4942?
30
Calculate the remainder when 23045 is divided by 197.
193
Calculate the remainder when 8588 is divided by 2824.
116
What is the remainder when 108872 is divided by 9?
8
Calculate the remainder when 1455 is divided by 720.
15
What is the remainder when 6317 is divided by 2099?
20
What is the remainder when 53502 is divided by 2237?
2051
What is the remainder when 95 is divided by 10?
5
What is the remainder when 11649 is divided by 143?
66
Calculate the remainder when 42158 is divided by 34.
32
Calculate the remainder when 97231 is divided by 118.
117
What is the remainder when 33764 is divided by 1777?
1
Calculate the remainder when 18629 is divided by 10.
9
What is the remainder when 40524 is divided by 36?
24
What is the remainder when 1206 is divided by 408?
390
What is the remainder when 213407 is divided by 223?
219
Calculate the remainder when 2144 is divided by 184.
120
What is the remainder when 3419 is divided by 677?
34
Calculate the remainder when 68590 is divided by 33.
16
Calculate the remainder when 3428 is divided by 343.
341
What is the remainder when 8909 is divided by 122?
3
Calculate the remainder when 31353 is divided by 4478.
7
Calculate the remainder when 4623 is divided by 1963.
697
What is the remainder when 116307 is divided by 632?
19
What is the remainder when 1889 is divided by 235?
9
What is the remainder when 52106 is divided by 2?
0
What is the remainder when 45478 is divided by 406?
6
What is the remainder when 105124 is divided by 11?
8
What is the remainder when 106313 is divided by 629?
12
What is the remainder when 136223 is divided by 62?
9
Calculate the remainder when 55545 is divided by 25.
20
Wha